 common divisor of u and 24.
12
Suppose 0 = -3*j + 3*y + 414, j + 6*y - 2*y = 148. What is the highest common factor of j and 28?
28
Suppose 0 = 5*d + a - 401, 317 = d + 3*d - 3*a. Let u be (-40)/(-220) + 1 + 326/22. Calculate the highest common divisor of d and u.
16
Suppose 3*l = u + 10, 0 = -2*l + 7 - 1. Let z(r) = -14*r**3 + r**2 - 1. Let x be z(u). What is the highest common divisor of 21 and x?
7
Let n be 22/(-8)*(-3 - 1). Let s = 130 + -119. Calculate the highest common divisor of s and n.
11
Suppose 16 = 3*y - l + 3*l, 3*y = -3*l + 21. Suppose -5*v + 6 + 19 = 0. What is the highest common divisor of v and y?
1
Let s(u) = -u**2 + 10*u + 9. Let m be s(10). What is the highest common factor of m and 9?
9
Suppose 0*n + 3*m + 20 = 2*n, 16 = 5*n + m. Let i = 1 + n. Suppose 2*r + 4*h - 34 = r, i = 5*h. What is the greatest common divisor of r and 12?
6
Let f = 88 - 46. Let j(y) = -2*y + 32. Let u be j(13). What is the greatest common factor of u and f?
6
Let o = -74 - -107. Calculate the highest common divisor of o and 3.
3
Let l = -18 - -20. Suppose -x + 3*g + 3 = 0, -2*x + l*g - 7*g + 61 = 0. Suppose 450 = 2*z + 3*z. Calculate the greatest common divisor of x and z.
18
Let s = 576 - 160. What is the highest common divisor of 52 and s?
52
Let y be (3 + 0)*140/15. Suppose -3*o = -3*i + 3, 5*i + 5*o + 14 = 39. Suppose 0 = -i*u + 12 + 9. Calculate the highest common factor of y and u.
7
Let f be -1 + (1740/3)/5. What is the greatest common factor of f and 46?
23
Let n be (3/(-1) + -9)/(-1). Let p = -3 + n. Let t(i) = -i - 2. Let x be t(-8). Calculate the highest common factor of p and x.
3
Suppose -k = -5*k + 288. What is the greatest common factor of 18 and k?
18
Let s(o) = 3*o - 5. Let z be s(7). Let j = 24 + 16. Calculate the greatest common divisor of j and z.
8
Let n(p) = 2*p**2 + 5*p + 2. Suppose 3*m + 2*m + 25 = 0. Let b be n(m). Suppose -5*u = -36 - 9. What is the greatest common divisor of u and b?
9
Let j be ((-5)/(-3))/5*(-2 - -50). Calculate the greatest common factor of j and 128.
16
Suppose -k - 6 = -5*m, 0 = m - 1 - 3. Let a = k + -9. What is the highest common divisor of 10 and a?
5
Let f be (-4)/(-30) + (-1466)/(-30). Calculate the greatest common divisor of 7 and f.
7
Suppose -47 - 278 = -5*t. Let b be 29 - (1/1 + 2). Calculate the greatest common divisor of b and t.
13
Suppose -74 = 2*u - 458. Calculate the greatest common factor of u and 24.
24
Suppose 0 = -2*g + 5*l + 239, -2*l + 0*l - 2 = 0. Suppose -50 - 15 = -5*a. What is the highest common divisor of a and g?
13
Suppose 3*i - 8 = -i. Suppose o = -i*o + 3. What is the highest common factor of o and 9?
1
Let y = 7 - -38. What is the highest common factor of 5 and y?
5
Suppose 0 = -2*s + 2*p + 102, 3 - 66 = -s - 2*p. Suppose -5*d + 23 + 14 = -4*t, 5*d + 5*t = s. What is the highest common factor of 63 and d?
9
Let p be (20/(-6))/((-1)/3). What is the highest common divisor of 50 and p?
10
Let w(p) be the third derivative of p**5/60 - p**4/24 - p**3/2 + 2*p**2. Let m be w(3). What is the greatest common divisor of m and 27?
3
Let f = 12 - 6. Let k be 92/12 + (-4)/f. Suppose 0*v - 5*v - b = -388, 2*v = b + 151. What is the greatest common factor of v and k?
7
Suppose -5*w + 11 = 1. Calculate the highest common factor of w and 5.
1
Let t be (14/(-21))/(6/(-9)). Calculate the highest common divisor of t and 39.
1
Suppose 13 = c - q, 4*c + 9 = -3*q + 33. What is the highest common factor of c and 3?
3
Let s be ((-7)/(-14))/(2/8). Suppose 2*v + 9 = -v, -5*j + s*v = -26. Let g = 72 - 36. Calculate the greatest common factor of g and j.
4
Suppose 3*r - 6 = -2*j, 0*j - 13 = -4*r - j. Suppose -8*n = -r*n + 3*a - 31, 2*a - 2 = 0. What is the highest common divisor of 14 and n?
7
Let t be (-2)/(1 - 3/6). Let r be (1 + t)/((-1)/1). Calculate the greatest common divisor of r and 2.
1
Suppose 4*i - 25 + 5 = 0. What is the greatest common factor of i and 25?
5
Let d = 112 + -102. Calculate the greatest common divisor of 10 and d.
10
Let r(q) = 5*q**2 - 5*q + 9. Let y(k) = -6*k**2 + 5*k - 9. Let d(o) = 5*r(o) + 4*y(o). Let x be d(5). What is the greatest common factor of 9 and x?
9
Let g(o) = 2*o**2 - 4*o + 1. Let z be g(-8). Let n = z - 81. What is the greatest common factor of n and 20?
20
Suppose -2*j = 4*s + 2, 4*j - 3*s - 14 = -2*s. Let r be -3*44/(-12) + j. Calculate the greatest common factor of 21 and r.
7
Let h = -154 - -172. What is the highest common divisor of h and 414?
18
Suppose -2*u - 3 = -35. Let w be 46/11 + (-6)/33. Let f(t) = -t**3 + 6*t**2 - 3*t - 4. Let i be f(w). Calculate the highest common factor of i and u.
16
Let z(d) = d**3 + 10*d**2 + 10*d + 9. Suppose -14 - 26 = 5*v. Let y be z(v). Let h = y - 36. Calculate the greatest common factor of h and 84.
21
Let b(z) = 13*z. Suppose 0 = -c + 5*i - 13, 4*c + 0*c + 2*i - 36 = 0. Let o be b(c). Calculate the highest common divisor of o and 13.
13
Let l(x) = x**2 + 2*x. Let p = 0 + -3. Let f be l(p). Suppose -1 = -f*h + 2. What is the highest common factor of h and 8?
1
Let a(i) = 11*i - 5. Let n be a(15). Suppose 0 = 5*r - 94 + 14. What is the greatest common factor of n and r?
16
Suppose -5*x - 2*k + 23 - 65 = 0, 41 = -5*x - k. Let m be 2/x - 442/(-8). Calculate the highest common factor of 11 and m.
11
Let s(r) = r**3 - 8*r**2 + 6*r + 9. Let c be s(7). Suppose -5*l - 20 = 0, -j + c*j - 48 = 4*l. Calculate the highest common factor of 8 and j.
8
Suppose -4*u + 5*f + 345 + 248 = 0, 4*u - 587 = -f. What is the highest common divisor of u and 98?
49
Suppose -4*t - 17 = -5*p + 13, -2*p - 2*t = 6. Suppose -6*r + 468 = -p*r. Let x be (-1 + (1 - -1))*13. Calculate the greatest common factor of x and r.
13
Let q(w) = -w**3 - 2*w**2 - 2*w. Let d be q(-2). Suppose 0*m = -d*m + 128. Calculate the greatest common factor of 8 and m.
8
Let f = 13 - 7. Let j(g) = -g**2 + 15*g + 14. Let n be j(14). Suppose 2*x = f*x - n. What is the highest common divisor of 7 and x?
7
Suppose 4*u - 17 = -1. Suppose w + 2*i + u = i, -9 = 4*w - 3*i. Let s be (2 + -1)/(w/(-90)). Calculate the greatest common divisor of s and 5.
5
Let v(b) = b**2 - 4*b - 1. Let f be v(6). Let l = 59 + f. Suppose 3*g - 84 = -0*g. What is the highest common factor of l and g?
14
Suppose 2*a - 27 + 1 = 0. Calculate the greatest common factor of a and 65.
13
Suppose -5*d + 25 = -h, 4*h + h = -25. Suppose -x + 5*m = 19, 3*x = -m - 0 + 7. What is the highest common factor of d and x?
1
Let k = -111 - -188. Suppose 2*p - 21 = 5*b + 4, k = 5*p + 2*b. Suppose 5*u = 3*r - 4, 5*u + p = 4*r + 3. What is the greatest common factor of r and 12?
4
Let r be 7/28 + (-43)/(-4). Let s be 364/3 + 2/(-6). What is the highest common divisor of s and r?
11
Let g(f) = 2*f. Suppose 3*t - 7 = 5. Let r be g(t). Let c(z) = z**2 - 5*z - 10. Let u be c(11). Calculate the highest common divisor of u and r.
8
Let m = 9 - -24. What is the greatest common divisor of m and 3?
3
Suppose 5*a + 10 = 5*j, 2*a + 3*j - 4 = j. Suppose -5*b + 7 + 38 = a. Calculate the greatest common factor of b and 99.
9
Suppose -5*o + 7 = 2*r + r, 6 = 2*r + 3*o. What is the greatest common factor of 117 and r?
9
Let i(k) = k**3 + 9*k**2 - 2*k. Let b be i(-9). Let d be (-22)/(-99) - (-986)/b. Calculate the highest common factor of d and 11.
11
Let k(m) = -m - 6. Let o be k(-6). Suppose -4*n + 0*n + 260 = -5*b, n + b - 56 = o. Calculate the greatest common factor of n and 12.
12
Suppose -4*k = -6*k + 82. Let l = 89 - k. What is the highest common factor of l and 8?
8
Let m(o) = o**3 - o**2 + 2*o - 1. Let s be m(1). Let x = 5 - s. Calculate the highest common factor of x and 44.
4
Let h(b) = b**3 + 6*b**2 + 3*b + 8. Let p be h(-5). What is the highest common divisor of p and 90?
18
Let v = 25 + -13. Let b be (-16)/v*(-3)/2. Let p(c) = c**3 - 2*c**2 + 2*c + 1. Let k be p(3). Calculate the greatest common factor of k and b.
2
Suppose 62 = 2*v - 2*w, -5*v + 2*w + 151 = 8. Suppose 2*t + 5*j = 2, t = -2*j + 6*j + v. What is the highest common factor of 1 and t?
1
Let m(k) = k**2 - 5*k**2 - k + 3*k**2 + 9. Let q be m(0). Suppose -1 = -4*f - 4*s - q, 0 = 5*f + 3*s + 2. Calculate the greatest common factor of f and 2.
2
Let b be 15 + 0 - 0/(-1). Suppose -12*w = 11*w - 115. Calculate the greatest common factor of b and w.
5
Suppose -2*f